850 and 4266?
474
Calculate the greatest common divisor of 1369 and 1739.
37
What is the greatest common divisor of 18 and 193416?
6
What is the greatest common divisor of 1392 and 86826?
174
Calculate the highest common divisor of 1310 and 1530.
10
Calculate the greatest common factor of 126649 and 82.
41
What is the greatest common divisor of 2030001 and 267?
267
What is the highest common factor of 754 and 3074?
58
What is the greatest common factor of 3034 and 1588299?
1517
What is the highest common factor of 121610 and 10?
10
Calculate the greatest common divisor of 4 and 5998.
2
Calculate the highest common factor of 38 and 69255.
19
Calculate the greatest common factor of 122605 and 713.
31
What is the highest common divisor of 27255 and 230?
115
What is the highest common divisor of 88 and 3521144?
88
Calculate the greatest common divisor of 3254756 and 149.
149
What is the greatest common divisor of 42 and 51261?
21
Calculate the highest common divisor of 383024 and 1294.
1294
Calculate the greatest common divisor of 5 and 230520.
5
What is the highest common factor of 4599 and 189?
63
What is the greatest common divisor of 12423 and 2091?
123
What is the greatest common divisor of 288306 and 2?
2
What is the highest common divisor of 7434855 and 135?
135
What is the greatest common divisor of 336555 and 486?
243
Calculate the highest common factor of 43248 and 2256.
48
What is the highest common factor of 1975 and 316?
79
Calculate the highest common factor of 12709 and 20406.
179
What is the highest common divisor of 1008 and 1284528?
336
Calculate the greatest common divisor of 14 and 1718647.
7
What is the highest common divisor of 946720 and 320?
160
Calculate the highest common factor of 2612 and 6.
2
What is the highest common factor of 4870 and 610?
10
What is the highest common factor of 17188 and 144?
4
What is the highest common divisor of 899364 and 149?
149
What is the highest common divisor of 235481 and 905?
181
Calculate the highest common divisor of 35 and 45290.
35
What is the greatest common factor of 48 and 28032?
48
What is the highest common divisor of 312 and 4758?
78
Calculate the greatest common factor of 30 and 5462670.
30
Calculate the greatest common factor of 5247 and 24327.
477
What is the highest common factor of 798 and 175826?
266
Calculate the highest common factor of 5348 and 635648.
764
What is the greatest common factor of 24 and 47896?
8
Calculate the highest common divisor of 74 and 4118729.
37
Calculate the greatest common divisor of 4 and 117676.
4
Calculate the greatest common divisor of 22 and 45419.
11
Calculate the highest common factor of 190 and 28766.
38
Calculate the greatest common factor of 1431 and 5247.
477
What is the greatest common factor of 32 and 3785168?
16
What is the greatest common factor of 620 and 138570?
310
Calculate the highest common factor of 18550 and 8575.
175
Calculate the greatest common divisor of 700240 and 640.
80
What is the greatest common divisor of 32 and 33568?
32
What is the highest common divisor of 4307 and 219?
73
Calculate the highest common factor of 47 and 11473123.
47
What is the greatest common divisor of 1267 and 5249?
181
Calculate the greatest common divisor of 1989 and 1998.
9
Calculate the greatest common factor of 528 and 1018336.
176
What is the greatest common divisor of 100305 and 270?
135
Calculate the greatest common factor of 19162 and 17017.
143
What is the highest common divisor of 4327749 and 529?
529
Calculate the greatest common divisor of 16480 and 640.
160
Calculate the greatest common factor of 8232 and 19096.
56
Calculate the greatest common divisor of 22385301 and 141.
141
Calculate the greatest common divisor of 219 and 139649.
73
Calculate the highest common factor of 518551 and 944.
59
What is the greatest common factor of 711 and 6752367?
711
What is the highest common divisor of 101 and 231492?
101
Calculate the highest common factor of 401927 and 554.
277
What is the greatest common divisor of 125541 and 145?
29
What is the highest common divisor of 336 and 804342?
42
Calculate the highest common divisor of 24 and 15208.
8
Calculate the highest common divisor of 3789 and 505200.
1263
Calculate the greatest common factor of 2534 and 49594.
362
What is the highest common factor of 762084 and 27?
9
Calculate the greatest common divisor of 1092648 and 3816.
1272
What is the highest common factor of 80 and 33420?
20
What is the greatest common divisor of 150 and 67740?
30
Calculate the highest common divisor of 34251 and 8673.
147
What is the highest common factor of 3532 and 1293595?
883
What is the greatest common factor of 594 and 37125?
297
What is the greatest common divisor of 280115 and 3241?
463
Calculate the highest common divisor of 16429 and 6111.
7
What is the highest common factor of 168120 and 66314?
934
Calculate the highest common factor of 29892 and 404952.
564
Calculate the highest common divisor of 279965 and 4655.
665
What is the highest common factor of 69055 and 28?
7
What is the highest common factor of 6735 and 159?
3
What is the highest common divisor of 22344 and 152?
152
What is the greatest common factor of 32 and 5948?
4
What is the greatest common divisor of 127602 and 37638?
918
What is the greatest common divisor of 3837104 and 272?
272
What is the greatest common divisor of 325 and 8515?
65
What is the greatest common divisor of 41 and 122959?
41
What is the highest common divisor of 8 and 646792?
8
What is the highest common factor of 714 and 24786?
102
What is the greatest common divisor of 56 and 41048?
56
What is the highest common divisor of 320 and 24020?
20
What is the greatest common divisor of 3828 and 32857?
319
Calculate the greatest common factor of 380 and 10848620.
380
Calculate the highest common divisor of 937410 and 375.
15
Calculate the greatest common divisor of 55024 and 176.
16
What is the highest common factor of 27328 and 2135?
427
What is the highest common divisor of 2076 and 2532?
12
What is the highest common divisor of 12542000 and 2000?
2000
Calculate the greatest common factor of 154 and 1408.
22
What is the highest common divisor of 2 and 303694?
2
Calculate the highest common divisor of 140427 and 378.
189
Calculate the greatest common factor of 87272 and 152.
8
What is the highest common factor of 6258 and 5964?
42
What is the highest common factor of 568 and 123616?
8
What is the greatest common factor of 17315 and 10?
5
Calculate the greatest common divisor of 1423008 and 243.
243
What is the highest common divisor of 218352 and 48?
48
What is the greatest common factor of 75 and 25665?
15
Calculate the greatest common divisor of 378235 and 390.
65
What is the highest common divisor of 261727 and 1264?
79
What is the greatest common divisor of 17780 and 500?
20
What is the greatest common divisor of 1430 and 220870?
130
What is the highest common factor of 15 and 126850?
5
Calculate the greatest common factor of 26340 and 20.
20
What is the greatest common divisor of 21883 and 237?
79
Calculate the highest common divisor of 21585 and 3.
3
What is the highest common factor of 139106 and 22?
22
Calculate the highest common divisor of 1385548 and 1164.
388
Calculate the greatest common factor of 83990 and 444.
74
Calculate the highest common factor of 1724 and 4.
4
Calculate the greatest common divisor of 39 and 246.
3
Calculate the greatest common factor of 211 and 2976577.
211
Calculate the greatest common divisor of 123 and 4606637.
41
What is the greatest common divisor of 2938 and 1742?
26
What is the greatest common divisor of 170 and 11350?
10
Calculate the highest common divisor of 1845 and 7011.
369
What is the highest common divisor of 1132 and 15565?
283
Calculate the highest common factor of 320952 and 516.
516
Calculate the greatest common factor of 48 and 769188.
12
Calculate the highest common divisor of 32 and 4132.
4
Calculate the highest common factor of 569033 and 163.
163
What is the highest common divisor of 893 and 23641?
47
Calculate the highest common divisor of 118 and 91568.
118
Calculate the highest common factor of 1835 and 10565.
5
What is the highest common factor of 5951 and 11?
11
What is the highest common divisor of 5748